{"id":136,"date":"2013-11-16T00:11:06","date_gmt":"2013-11-16T00:11:06","guid":{"rendered":"http:\/\/130.240.202.114\/?page_id=136"},"modified":"2023-12-28T21:28:46","modified_gmt":"2023-12-28T20:28:46","slug":"mikroprocessorprogrammeringskursen","status":"publish","type":"page","link":"https:\/\/www.xp-el.com\/eng\/kurser\/mikroprocessorprogrammeringskursen\/","title":{"rendered":"MPPC"},"content":{"rendered":"<div class=\"level3\">\n<p>In the <strong>M<\/strong>icro<strong>P<\/strong>rocessor<strong>P<\/strong>rogramming<strong>C<\/strong>ursen s\u00e5 kommer du att f\u00e5 g\u00e5 igenom ett av tusentals s\u00e4tt att programmera en mikroprocessor. Vid kursen anv\u00e4nds en egen tillhandah\u00e5llen version av Arduino IDE (alt. den version du har installerat p\u00e5 din dator), en AVRISP MKII-programmerare, och ett kretskort med mikroprocessorn. En st\u00f6rre m\u00e4ngd koffein rekommenderas f\u00f6r att klara av kursen!<\/p>\n<\/div>\n<h3 id=\"kursinnehall\" class=\"sectionedit3\">Course content<\/h3>\n<div class=\"level3\">\n<ul>\n<li class=\"level1\">\n<div class=\"li\">A basic overview of how to program a microprocessor<\/div>\n<\/li>\n<li class=\"level1\">\n<div class=\"li\">Various concepts such as registers, bit shifting and bit masking<\/div>\n<\/li>\n<li class=\"level1\">\n<div class=\"li\">A basic lesson in the programming language C, where useful things for the course are covered<\/div>\n<\/li>\n<li class=\"level1\">\n<div class=\"li\">A basic lesson in serial protocols such as ICSP, JTAG, SPI, UART and I2C<\/div>\n<\/li>\n<li>Microprocessor programming in practice<\/li>\n<\/ul>\n<p>Before the practical microprocessor programming session, XP-el will hold a live demonstration of how XP-el's toolchain functions. The Toolchain in this case is the method used to program the courses microprocessor.<\/p>\n<\/div>\n<p style=\"text-align: left;\">Click here to visit the <a href=\"https:\/\/wiki.xp-el.com\/kurs:mppk\" target=\"_blank\" rel=\"noopener\">Wikipedia page for MPPC<\/a>.<\/p>\n<h2>Upcoming courses<\/h2>\n<p><code>[eme_events category=6]<\/code><\/p>","protected":false},"excerpt":{"rendered":"<p>I MikroProcessorProgrammeringsKursen s\u00e5 kommer du att f\u00e5 g\u00e5 igenom ett av tusentals s\u00e4tt att programmera en mikroprocessor. Vid kursen anv\u00e4nds en egen tillhandah\u00e5llen version av Arduino IDE (alt. den version du har installerat p\u00e5 din dator), en AVRISP MKII-programmerare, och ett kretskort med mikroprocessorn. En st\u00f6rre m\u00e4ngd koffein rekommenderas f\u00f6r att klara av kursen! Kursinneh\u00e5ll &hellip; <a href=\"https:\/\/www.xp-el.com\/eng\/kurser\/mikroprocessorprogrammeringskursen\/\" class=\"more-link\">Continue reading <span class=\"screen-reader-text\">MPPC<\/span> <span class=\"meta-nav\">&rarr;<\/span><\/a><\/p>","protected":false},"author":1,"featured_media":0,"parent":523,"menu_order":6,"comment_status":"closed","ping_status":"closed","template":"","meta":{"footnotes":""},"class_list":["post-136","page","type-page","status-publish","hentry"],"_links":{"self":[{"href":"https:\/\/www.xp-el.com\/eng\/wp-json\/wp\/v2\/pages\/136","targetHints":{"allow":["GET"]}}],"collection":[{"href":"https:\/\/www.xp-el.com\/eng\/wp-json\/wp\/v2\/pages"}],"about":[{"href":"https:\/\/www.xp-el.com\/eng\/wp-json\/wp\/v2\/types\/page"}],"author":[{"embeddable":true,"href":"https:\/\/www.xp-el.com\/eng\/wp-json\/wp\/v2\/users\/1"}],"replies":[{"embeddable":true,"href":"https:\/\/www.xp-el.com\/eng\/wp-json\/wp\/v2\/comments?post=136"}],"version-history":[{"count":7,"href":"https:\/\/www.xp-el.com\/eng\/wp-json\/wp\/v2\/pages\/136\/revisions"}],"predecessor-version":[{"id":938,"href":"https:\/\/www.xp-el.com\/eng\/wp-json\/wp\/v2\/pages\/136\/revisions\/938"}],"up":[{"embeddable":true,"href":"https:\/\/www.xp-el.com\/eng\/wp-json\/wp\/v2\/pages\/523"}],"wp:attachment":[{"href":"https:\/\/www.xp-el.com\/eng\/wp-json\/wp\/v2\/media?parent=136"}],"curies":[{"name":"wp","href":"https:\/\/api.w.org\/{rel}","templated":true}]}}