{"id":140,"date":"2013-11-16T00:13:28","date_gmt":"2013-11-16T00:13:28","guid":{"rendered":"http:\/\/130.240.202.114\/?page_id=140"},"modified":"2023-12-28T16:44:56","modified_gmt":"2023-12-28T15:44:56","slug":"kfly","status":"publish","type":"page","link":"https:\/\/www.xp-el.com\/eng\/projekt\/kfly\/","title":{"rendered":"KFly"},"content":{"rendered":"<p>KFly is a quadrocopter created by Emil Fresk (aka Korken).<\/p>\n<p>Emil writes the following words about this project:<\/p>\n<p class=\"quote\">KFly is a control system for piloting so-called 'multi-rotord'. Multirotors are aircraft that use three or more propellers to achieve flight (eg Tricopter, Quadcopter, Hexacopter, Y6).<br \/>\nKFly is at the name of the project as a whole, and also the name of the hardware platform. KFly is designed to be a user friendly platform, i.e. anyone choosing to use it should be able to easily configure the system for various different frames and different types of input via a simple GUI. Software provided with the platform will follow the same design philosophy.<br \/>\nKFly has gone through many design iterations (5 so far) and there will certainly be more iterations to follow, as it is still a project in development.\u201d<\/p>\n<p>Read more about KFly at <a href=\"http:\/\/elektronikforumet.com\/forum\/viewtopic.php?f=3&amp;t=51884\" target=\"_blank\" rel=\"noopener\">the Swedish Electronics Forum.<\/a>.<\/p>\n<p>Here is a video where Emil demonstrates the quadrocopter:<br \/>\n<iframe loading=\"lazy\" src=\"https:\/\/www.youtube.com\/embed\/IDxT0wjwfeA\" width=\"480\" height=\"320\" frameborder=\"0\" allowfullscreen=\"allowfullscreen\"><\/iframe><\/p>\n<p>KFly is not finalized yet! Check back to see the finished result!<\/p>","protected":false},"excerpt":{"rendered":"<p>KFly \u00e4r en quadrocopter skapad av Emil Fresk (aka Korken). Emil skriver f\u00f6ljande ord om det h\u00e4r projektet: &#8221;KFly \u00e4r ett styrsystem f\u00f6r att styra sk. multirotors. Det \u00e4r farkoster som anv\u00e4nder tre eller fler propellrar f\u00f6r att flyga (t.ex. Tricopter, Quadcopter, Hexacopter, Y6). Samtidigt \u00e4r KFly namnet p\u00e5 projektet i sin helhet och det &hellip; <a href=\"https:\/\/www.xp-el.com\/eng\/projekt\/kfly\/\" class=\"more-link\">Continue reading <span class=\"screen-reader-text\">KFly<\/span> <span class=\"meta-nav\">&rarr;<\/span><\/a><\/p>","protected":false},"author":1,"featured_media":0,"parent":138,"menu_order":0,"comment_status":"closed","ping_status":"closed","template":"","meta":{"footnotes":""},"class_list":["post-140","page","type-page","status-publish","hentry"],"_links":{"self":[{"href":"https:\/\/www.xp-el.com\/eng\/wp-json\/wp\/v2\/pages\/140","targetHints":{"allow":["GET"]}}],"collection":[{"href":"https:\/\/www.xp-el.com\/eng\/wp-json\/wp\/v2\/pages"}],"about":[{"href":"https:\/\/www.xp-el.com\/eng\/wp-json\/wp\/v2\/types\/page"}],"author":[{"embeddable":true,"href":"https:\/\/www.xp-el.com\/eng\/wp-json\/wp\/v2\/users\/1"}],"replies":[{"embeddable":true,"href":"https:\/\/www.xp-el.com\/eng\/wp-json\/wp\/v2\/comments?post=140"}],"version-history":[{"count":6,"href":"https:\/\/www.xp-el.com\/eng\/wp-json\/wp\/v2\/pages\/140\/revisions"}],"predecessor-version":[{"id":935,"href":"https:\/\/www.xp-el.com\/eng\/wp-json\/wp\/v2\/pages\/140\/revisions\/935"}],"up":[{"embeddable":true,"href":"https:\/\/www.xp-el.com\/eng\/wp-json\/wp\/v2\/pages\/138"}],"wp:attachment":[{"href":"https:\/\/www.xp-el.com\/eng\/wp-json\/wp\/v2\/media?parent=140"}],"curies":[{"name":"wp","href":"https:\/\/api.w.org\/{rel}","templated":true}]}}