{"id":25,"date":"2013-11-15T23:29:31","date_gmt":"2013-11-15T23:29:31","guid":{"rendered":"http:\/\/130.240.202.114\/?page_id=25"},"modified":"2017-01-25T18:06:41","modified_gmt":"2017-01-25T17:06:41","slug":"hitta-oss","status":"publish","type":"page","link":"https:\/\/www.xp-el.com\/eng\/hitta-oss\/","title":{"rendered":"Find Us"},"content":{"rendered":"<p style=\"text-align: left;\">Our locale is situated in house A at LTU, directly below entrance A2.<\/p>\n<p style=\"text-align: left;\">The official LTU room number is\u00a0<a href=\"https:\/\/www.ltu.se\/maps\/campusmap\/?r===A1022&amp;c=Lul\" target=\"_blank\">A1022<\/a>.<\/p>\n<p>&nbsp;<\/p>\n<p>&nbsp;<\/p>","protected":false},"excerpt":{"rendered":"<p>V\u00e5r lokal ligger i k\u00e4llaren i A-huset, precis under ing\u00e5ng A2. Det officiella rumsnumret \u00e4r\u00a0A1022. &nbsp; &nbsp;<\/p>","protected":false},"author":1,"featured_media":0,"parent":0,"menu_order":3,"comment_status":"closed","ping_status":"closed","template":"","meta":{"footnotes":""},"class_list":["post-25","page","type-page","status-publish","hentry"],"_links":{"self":[{"href":"https:\/\/www.xp-el.com\/eng\/wp-json\/wp\/v2\/pages\/25","targetHints":{"allow":["GET"]}}],"collection":[{"href":"https:\/\/www.xp-el.com\/eng\/wp-json\/wp\/v2\/pages"}],"about":[{"href":"https:\/\/www.xp-el.com\/eng\/wp-json\/wp\/v2\/types\/page"}],"author":[{"embeddable":true,"href":"https:\/\/www.xp-el.com\/eng\/wp-json\/wp\/v2\/users\/1"}],"replies":[{"embeddable":true,"href":"https:\/\/www.xp-el.com\/eng\/wp-json\/wp\/v2\/comments?post=25"}],"version-history":[{"count":9,"href":"https:\/\/www.xp-el.com\/eng\/wp-json\/wp\/v2\/pages\/25\/revisions"}],"predecessor-version":[{"id":275,"href":"https:\/\/www.xp-el.com\/eng\/wp-json\/wp\/v2\/pages\/25\/revisions\/275"}],"wp:attachment":[{"href":"https:\/\/www.xp-el.com\/eng\/wp-json\/wp\/v2\/media?parent=25"}],"curies":[{"name":"wp","href":"https:\/\/api.w.org\/{rel}","templated":true}]}}