{"id":369,"date":"2017-04-10T19:19:51","date_gmt":"2017-04-10T18:19:51","guid":{"rendered":"http:\/\/xp-el.com\/?page_id=369"},"modified":"2024-09-10T13:53:45","modified_gmt":"2024-09-10T11:53:45","slug":"dokument","status":"publish","type":"page","link":"https:\/\/www.xp-el.com\/eng\/om-xp-el\/dokument\/","title":{"rendered":"Documents"},"content":{"rendered":"<p>Here you can find relevant documents that apply to the association.<\/p>\n<h4><strong>Bylaws<\/strong><\/h4>\n<p><a href=\"https:\/\/www.xp-el.com\/wp-content\/uploads\/2018\/02\/XP_el_Stadgar_2017.pdf\">XP-el Bylaws<\/a><\/p>\n<h4><strong>Annual Meeting Minutes<\/strong><\/h4>\n<p><a href=\"https:\/\/www.xp-el.com\/wp-content\/uploads\/2024\/09\/XP-el-arsmote-2024.pdf\">XP-el \u00e5rsm\u00f6te 2024<\/a><\/p>\n<p><a href=\"https:\/\/www.xp-el.com\/wp-content\/uploads\/2024\/09\/Arsmote-2023.pdf\">XP-el \u00e5rsm\u00f6te 2023<\/a><\/p>\n<p><a href=\"https:\/\/www.xp-el.com\/wp-content\/uploads\/2024\/09\/Dagordning-Arsmote-XP-el-2022.pdf\">XP-el \u00e5rsm\u00f6te 2022<\/a><\/p>\n<p><a href=\"https:\/\/www.xp-el.com\/wp-content\/uploads\/2024\/09\/Arsmote-2021-Protokoll.pdf\">XP-el \u00e5rsm\u00f6te 2021<\/a><\/p>\n<p><a href=\"https:\/\/www.xp-el.com\/wp-content\/uploads\/2024\/09\/Arsmote-2020-Protokoll.pdf\">XP-el \u00e5rsm\u00f6te 2020<\/a><\/p>\n<p><a href=\"https:\/\/www.xp-el.com\/wp-content\/uploads\/2020\/09\/Protokoll-\u00c5rsm\u00f6te-XP-el-2020-01-21.pdf\">XP-el \u00e5rsm\u00f6te 2019<\/a><\/p>\n<p><a href=\"https:\/\/www.xp-el.com\/wp-content\/uploads\/2020\/09\/Protokoll-\u00c5rsm\u00f6te-XP-el-2019-01-10.pdf\">XP-el \u00e5rsm\u00f6te 2018<\/a><\/p>\n<p><a href=\"https:\/\/www.xp-el.com\/wp-content\/uploads\/2018\/02\/XP_el__rsm_te_2017_12_12.pdf\">XP-el \u00e5rsm\u00f6te 2017<\/a><\/p>\n<p><a href=\"https:\/\/www.xp-el.com\/wp-content\/uploads\/2017\/04\/xpel-\u00e5rsm\u00f6te-2016.pdf\">XP-el \u00e5rsm\u00f6te 2016<\/a><\/p>\n<p><a href=\"https:\/\/www.xp-el.com\/wp-content\/uploads\/2017\/04\/2015_m_tesprotokoll_xpel.pdf\">XP-el \u00e5rsm\u00f6te 2015<\/a><\/p>\n<p><a href=\"https:\/\/www.xp-el.com\/wp-content\/uploads\/2017\/04\/\u00c5rsm\u00f6te-2014-xpel.pdf\">XP-el \u00e5rsm\u00f6te 2014<\/a><\/p>\n<h4><strong>Member Meeting Minutes<\/strong><\/h4>\n<p><a href=\"https:\/\/www.xp-el.com\/wp-content\/uploads\/2017\/04\/XP_el_medlemsmote21Nov2017.pdf\">XP-el medlemsm\u00f6te 21 Nov 2017<\/a><\/p>\n<h4><strong>Business reports<\/strong><\/h4>\n<p><a href=\"https:\/\/www.xp-el.com\/wp-content\/uploads\/2020\/09\/Verksamhetsbera\u0308ttelse-XP-2018_2019.pdf\">Verksamhetsber\u00e4ttelse XP-el 2018-19<\/a><\/p>\n<p><a href=\"https:\/\/www.xp-el.com\/wp-content\/uploads\/2017\/04\/XP_el_verksamhetsber\u00e4ttelse_15_16.pdf\">Verksamhetsber\u00e4ttelse XP-el 2015-16<\/a><\/p>\n<p><a href=\"https:\/\/www.xp-el.com\/wp-content\/uploads\/2017\/04\/Verksamhetsber\u00e4ttelse-XP-el-14-15.pdf\">Verksamhetsber\u00e4ttelse XP-el 2014-15<\/a><\/p>\n<h4><strong>Other documents<\/strong><\/h4>\n<p><a href=\"https:\/\/www.xp-el.com\/wp-content\/uploads\/2017\/04\/avtal.pdf\">Membership Agreement<\/a><\/p>\n<h4>Old Documents<\/h4>\n<p><a href=\"https:\/\/www.xp-el.com\/wp-content\/uploads\/2017\/04\/XP-els-stadgar.pdf\">XP-ek statues (old)<\/a> (before Dec 2017)<\/p>","protected":false},"excerpt":{"rendered":"<p>H\u00e4r kan ni hitta relevanta dokument som g\u00e4ller f\u00f6reningen Stadgar XP-el Stadgar Protokoll \u00e5rsm\u00f6te XP-el \u00e5rsm\u00f6te 2024 XP-el \u00e5rsm\u00f6te 2023 XP-el \u00e5rsm\u00f6te 2022 XP-el \u00e5rsm\u00f6te 2021 XP-el \u00e5rsm\u00f6te 2020 XP-el \u00e5rsm\u00f6te 2019 XP-el \u00e5rsm\u00f6te 2018 XP-el \u00e5rsm\u00f6te 2017 XP-el \u00e5rsm\u00f6te 2016 XP-el \u00e5rsm\u00f6te 2015 XP-el \u00e5rsm\u00f6te 2014 Protokoll medlemsm\u00f6te XP-el medlemsm\u00f6te 21 Nov 2017 Verksamhetsber\u00e4ttelser &hellip; <a href=\"https:\/\/www.xp-el.com\/eng\/om-xp-el\/dokument\/\" class=\"more-link\">Continue reading <span class=\"screen-reader-text\">Documents<\/span> <span class=\"meta-nav\">&rarr;<\/span><\/a><\/p>","protected":false},"author":4,"featured_media":0,"parent":379,"menu_order":2,"comment_status":"closed","ping_status":"closed","template":"","meta":{"footnotes":""},"class_list":["post-369","page","type-page","status-publish","hentry"],"_links":{"self":[{"href":"https:\/\/www.xp-el.com\/eng\/wp-json\/wp\/v2\/pages\/369","targetHints":{"allow":["GET"]}}],"collection":[{"href":"https:\/\/www.xp-el.com\/eng\/wp-json\/wp\/v2\/pages"}],"about":[{"href":"https:\/\/www.xp-el.com\/eng\/wp-json\/wp\/v2\/types\/page"}],"author":[{"embeddable":true,"href":"https:\/\/www.xp-el.com\/eng\/wp-json\/wp\/v2\/users\/4"}],"replies":[{"embeddable":true,"href":"https:\/\/www.xp-el.com\/eng\/wp-json\/wp\/v2\/comments?post=369"}],"version-history":[{"count":13,"href":"https:\/\/www.xp-el.com\/eng\/wp-json\/wp\/v2\/pages\/369\/revisions"}],"predecessor-version":[{"id":960,"href":"https:\/\/www.xp-el.com\/eng\/wp-json\/wp\/v2\/pages\/369\/revisions\/960"}],"up":[{"embeddable":true,"href":"https:\/\/www.xp-el.com\/eng\/wp-json\/wp\/v2\/pages\/379"}],"wp:attachment":[{"href":"https:\/\/www.xp-el.com\/eng\/wp-json\/wp\/v2\/media?parent=369"}],"curies":[{"name":"wp","href":"https:\/\/api.w.org\/{rel}","templated":true}]}}