{"id":523,"date":"2018-02-25T17:37:45","date_gmt":"2018-02-25T16:37:45","guid":{"rendered":"http:\/\/xp-el.com\/?page_id=523"},"modified":"2018-10-17T14:11:23","modified_gmt":"2018-10-17T13:11:23","slug":"kurser","status":"publish","type":"page","link":"https:\/\/www.xp-el.com\/eng\/kurser\/","title":{"rendered":"Courses"},"content":{"rendered":"<p><a href=\"https:\/\/www.xp-el.com\/eng\/arduino-introduktionskurs\/\">Arduino Introductory Course<\/a><\/p>\n<p><a href=\"https:\/\/www.xp-el.com\/eng\/kurser\/3d-intro\/\">3D-Intro<\/a><\/p>\n<p>The Soldering Course<\/p>\n<p>The PCB Course<\/p>\n<p><a href=\"https:\/\/www.xp-el.com\/eng\/mikroprocessorprogrammeringskursen\/\">MPPC<\/a><\/p>\n<h2>Upcoming courses<\/h2>\n<p><code>[eme_events category=4]<\/code><\/p>\n<h3>Upcoming courses in collaboration with LTU<\/h3>\n<p>These courses are for participants of specific courses at LTU<br \/>\n<code>[eme_events category=11]<\/code><\/p>","protected":false},"excerpt":{"rendered":"<p>Arduino Introduktionskurs 3D-intro L\u00f6dkursen Kretskortskursen MPPK Kommande kurstillf\u00e4llen [eme_events category=4] Kommande kurstillf\u00e4llen med LTU Dessa kurser \u00e4r f\u00f6r deltagare p\u00e5 specifika kurser p\u00e5 LTU [eme_events category=11]<\/p>","protected":false},"author":4,"featured_media":0,"parent":0,"menu_order":0,"comment_status":"closed","ping_status":"closed","template":"","meta":{"footnotes":""},"class_list":["post-523","page","type-page","status-publish","hentry"],"_links":{"self":[{"href":"https:\/\/www.xp-el.com\/eng\/wp-json\/wp\/v2\/pages\/523","targetHints":{"allow":["GET"]}}],"collection":[{"href":"https:\/\/www.xp-el.com\/eng\/wp-json\/wp\/v2\/pages"}],"about":[{"href":"https:\/\/www.xp-el.com\/eng\/wp-json\/wp\/v2\/types\/page"}],"author":[{"embeddable":true,"href":"https:\/\/www.xp-el.com\/eng\/wp-json\/wp\/v2\/users\/4"}],"replies":[{"embeddable":true,"href":"https:\/\/www.xp-el.com\/eng\/wp-json\/wp\/v2\/comments?post=523"}],"version-history":[{"count":8,"href":"https:\/\/www.xp-el.com\/eng\/wp-json\/wp\/v2\/pages\/523\/revisions"}],"predecessor-version":[{"id":583,"href":"https:\/\/www.xp-el.com\/eng\/wp-json\/wp\/v2\/pages\/523\/revisions\/583"}],"wp:attachment":[{"href":"https:\/\/www.xp-el.com\/eng\/wp-json\/wp\/v2\/media?parent=523"}],"curies":[{"name":"wp","href":"https:\/\/api.w.org\/{rel}","templated":true}]}}