{"id":662,"date":"2019-01-19T22:00:07","date_gmt":"2019-01-19T21:00:07","guid":{"rendered":"http:\/\/xp-el.com\/?page_id=662"},"modified":"2023-12-27T20:07:16","modified_gmt":"2023-12-27T19:07:16","slug":"utrustning","status":"publish","type":"page","link":"https:\/\/www.xp-el.com\/eng\/om-xp-el\/utrustning\/","title":{"rendered":"Equipment"},"content":{"rendered":"<p>In XP-el's locale there is a lot of equipment and components that our members are able to utilize for their projects and experiments. Much of what XP-el owns has come through donations from the university, members or local businesses. Examples of donated equipment are the soldering stations, the oscilloscopes and 3D printers.<\/p>\n<p>There is also equipment in the 'Boardroom' that can be made available to members. You need to ask the board for permission to use this equipment.\u00a0<\/p>\n<p>The equipment includes, among other things:\u00a0<\/p>\n<ul>\n<li>iFixit Pro toolkit\u00a0<\/li>\n<li>U1731C \u2013 LCR-meter<\/li>\n<li>Label Maker<\/li>\n<li>Clamp Meter<\/li>\n<li>Thermal paste<\/li>\n<li>Test components for stationary computers<\/li>\n<li>CRC Evapo-Rust rust remover<\/li>\n<li>Strong solvents<\/li>\n<li>Cold bluing equipment<\/li>\n<li>Lubricants<\/li>\n<\/ul>\n\n\n<p><\/p>","protected":false},"excerpt":{"rendered":"<p>I XP-els lokal finns det en massa utrustning och komponenter som v\u00e5ra medlemmar kan anv\u00e4nda till sina projekt och experiment. Mycket av det vi har \u00e4r antingen donationer fr\u00e5n universitetetm, medlemmar eller f\u00f6retag. Exempel p\u00e5 donerad utrustning \u00e4r l\u00f6dstationer, oscilloskop och 3D-skrivare. Det finns \u00e4ven utrustning i styrelserummet som \u00e4r tillg\u00e4nglig f\u00f6r medlemmar. Detta \u00e4r &hellip; <a href=\"https:\/\/www.xp-el.com\/eng\/om-xp-el\/utrustning\/\" class=\"more-link\">Continue reading <span class=\"screen-reader-text\">Equipment<\/span> <span class=\"meta-nav\">&rarr;<\/span><\/a><\/p>","protected":false},"author":4,"featured_media":0,"parent":379,"menu_order":0,"comment_status":"closed","ping_status":"closed","template":"","meta":{"footnotes":""},"class_list":["post-662","page","type-page","status-publish","hentry"],"_links":{"self":[{"href":"https:\/\/www.xp-el.com\/eng\/wp-json\/wp\/v2\/pages\/662","targetHints":{"allow":["GET"]}}],"collection":[{"href":"https:\/\/www.xp-el.com\/eng\/wp-json\/wp\/v2\/pages"}],"about":[{"href":"https:\/\/www.xp-el.com\/eng\/wp-json\/wp\/v2\/types\/page"}],"author":[{"embeddable":true,"href":"https:\/\/www.xp-el.com\/eng\/wp-json\/wp\/v2\/users\/4"}],"replies":[{"embeddable":true,"href":"https:\/\/www.xp-el.com\/eng\/wp-json\/wp\/v2\/comments?post=662"}],"version-history":[{"count":7,"href":"https:\/\/www.xp-el.com\/eng\/wp-json\/wp\/v2\/pages\/662\/revisions"}],"predecessor-version":[{"id":916,"href":"https:\/\/www.xp-el.com\/eng\/wp-json\/wp\/v2\/pages\/662\/revisions\/916"}],"up":[{"embeddable":true,"href":"https:\/\/www.xp-el.com\/eng\/wp-json\/wp\/v2\/pages\/379"}],"wp:attachment":[{"href":"https:\/\/www.xp-el.com\/eng\/wp-json\/wp\/v2\/media?parent=662"}],"curies":[{"name":"wp","href":"https:\/\/api.w.org\/{rel}","templated":true}]}}