{"id":665,"date":"2019-01-19T22:03:48","date_gmt":"2019-01-19T21:03:48","guid":{"rendered":"http:\/\/xp-el.com\/?page_id=665"},"modified":"2023-12-27T18:57:17","modified_gmt":"2023-12-27T17:57:17","slug":"3d-skrivare","status":"publish","type":"page","link":"https:\/\/www.xp-el.com\/eng\/om-xp-el\/utrustning\/3d-skrivare\/","title":{"rendered":"3D-skrivare"},"content":{"rendered":"<p>P\u00e5 XP-el finns det fyra stycken 3D-skrivare. En Ultimaker 2 som \u00e4r konverterad till 1.75 mm filament, en Prusa i3 MK3S 1.75mm och tv\u00e5 Prusa MINI+ 1.75 mm. Det finns inget bokningssystem f\u00f6r skrivarna, s\u00e5 det \u00e4r f\u00f6rst till kvarn som g\u00e4ller. Kontakta styrelsen om det \u00f6nskas det att skriva ut i annat material \u00e4n PLA\/PETG\/ABS.<\/p>","protected":false},"excerpt":{"rendered":"<p>P\u00e5 XP-el finns det fyra stycken 3D-skrivare. En Ultimaker 2 som \u00e4r konverterad till 1.75 mm filament, en Prusa i3 MK3S 1.75mm och tv\u00e5 Prusa MINI+ 1.75 mm. Det finns inget bokningssystem f\u00f6r skrivarna, s\u00e5 det \u00e4r f\u00f6rst till kvarn som g\u00e4ller. Kontakta styrelsen om det \u00f6nskas det att skriva ut i annat material \u00e4n &hellip; <a href=\"https:\/\/www.xp-el.com\/eng\/om-xp-el\/utrustning\/3d-skrivare\/\" class=\"more-link\">Continue reading <span class=\"screen-reader-text\">3D-skrivare<\/span> <span class=\"meta-nav\">&rarr;<\/span><\/a><\/p>","protected":false},"author":4,"featured_media":0,"parent":662,"menu_order":0,"comment_status":"closed","ping_status":"closed","template":"","meta":{"footnotes":""},"class_list":["post-665","page","type-page","status-publish","hentry"],"_links":{"self":[{"href":"https:\/\/www.xp-el.com\/eng\/wp-json\/wp\/v2\/pages\/665","targetHints":{"allow":["GET"]}}],"collection":[{"href":"https:\/\/www.xp-el.com\/eng\/wp-json\/wp\/v2\/pages"}],"about":[{"href":"https:\/\/www.xp-el.com\/eng\/wp-json\/wp\/v2\/types\/page"}],"author":[{"embeddable":true,"href":"https:\/\/www.xp-el.com\/eng\/wp-json\/wp\/v2\/users\/4"}],"replies":[{"embeddable":true,"href":"https:\/\/www.xp-el.com\/eng\/wp-json\/wp\/v2\/comments?post=665"}],"version-history":[{"count":3,"href":"https:\/\/www.xp-el.com\/eng\/wp-json\/wp\/v2\/pages\/665\/revisions"}],"predecessor-version":[{"id":913,"href":"https:\/\/www.xp-el.com\/eng\/wp-json\/wp\/v2\/pages\/665\/revisions\/913"}],"up":[{"embeddable":true,"href":"https:\/\/www.xp-el.com\/eng\/wp-json\/wp\/v2\/pages\/662"}],"wp:attachment":[{"href":"https:\/\/www.xp-el.com\/eng\/wp-json\/wp\/v2\/media?parent=665"}],"curies":[{"name":"wp","href":"https:\/\/api.w.org\/{rel}","templated":true}]}}